42?
2, 11, 41, 124121
What are the prime factors of 96194185?
5, 19238837
What are the prime factors of 58810569?
3, 19603523
List the prime factors of 339388128.
2, 3, 47, 25073
List the prime factors of 52493635.
5, 211, 49757
What are the prime factors of 637177?
17, 37, 1013
What are the prime factors of 57108297?
3, 19036099
List the prime factors of 59437114.
2, 11, 2701687
What are the prime factors of 120701937?
3, 40233979
List the prime factors of 27401316.
2, 3, 2283443
What are the prime factors of 100690475?
5, 149, 27031
What are the prime factors of 166180699?
1249, 133051
List the prime factors of 41564052.
2, 3, 127, 9091
List the prime factors of 36002199.
3, 23, 313, 1667
List the prime factors of 172483363.
13, 43, 97, 3181
What are the prime factors of 314349646?
2, 13, 97, 124643
List the prime factors of 3896128326.
2, 3, 649354721
What are the prime factors of 313217207?
313217207
What are the prime factors of 623157341?
623157341
List the prime factors of 358998296.
2, 41, 181, 6047
List the prime factors of 46264916.
2, 11566229
List the prime factors of 1922244232.
2, 149, 1612621
What are the prime factors of 37233618?
2, 3, 37, 367, 457
What are the prime factors of 127331671?
1061, 120011
List the prime factors of 35063322.
2, 3, 7, 19, 6277
List the prime factors of 166783994.
2, 13, 23, 278903
What are the prime factors of 371818012?
2, 41, 631, 3593
What are the prime factors of 65364707?
65364707
List the prime factors of 186710173.
13, 67, 214363
What are the prime factors of 477547899?
3, 269, 591757
What are the prime factors of 820222813?
3767, 217739
List the prime factors of 3610273750.
2, 5, 653, 4423
List the prime factors of 31805597.
31, 967, 1061
List the prime factors of 3381867188.
2, 7, 17, 7104763
List the prime factors of 111962548.
2, 1093, 25609
List the prime factors of 23215428.
2, 3, 29, 37, 601
What are the prime factors of 39416324?
2, 9854081
What are the prime factors of 508719526?
2, 7, 17, 313, 6829
List the prime factors of 58036805.
5, 31, 233, 1607
List the prime factors of 374709372.
2, 3, 149, 209569
What are the prime factors of 59687819?
6037, 9887
What are the prime factors of 26590343?
13, 31, 65981
What are the prime factors of 57732040?
2, 5, 29, 157, 317
What are the prime factors of 291750492?
2, 3, 11, 23, 96097
What are the prime factors of 215947478?
2, 107973739
List the prime factors of 48778487.
97, 157, 3203
List the prime factors of 160282140.
2, 3, 5, 2671369
List the prime factors of 29452493.
7, 691, 6089
List the prime factors of 440349361.
113, 157, 24821
What are the prime factors of 575234919?
3, 7, 1163, 2617
What are the prime factors of 43535106?
2, 3, 331, 7307
What are the prime factors of 271739046?
2, 3, 233, 194377
List the prime factors of 146842826.
2, 13, 5647801
What are the prime factors of 75742773?
3, 25247591
List the prime factors of 56220993.
3, 23, 90533
What are the prime factors of 3723642747?
3, 11, 521, 6563
What are the prime factors of 3054841642?
2, 139, 10988639
What are the prime factors of 391609480?
2, 5, 37, 264601
List the prime factors of 9843779.
11, 601, 1489
List the prime factors of 46252718.
2, 23126359
List the prime factors of 362635681.
362635681
List the prime factors of 76169129.
17, 263561
What are the prime factors of 940394559?
3, 13, 17, 89, 15937
List the prime factors of 222968090.
2, 5, 17, 1311577
List the prime factors of 54195488.
2, 197, 8597
What are the prime factors of 3266547351?
3, 26813, 40609
What are the prime factors of 679181036?
2, 169795259
What are the prime factors of 110545773?
3, 13, 337, 647
List the prime factors of 2590700141.
19, 136352639
List the prime factors of 5003430.
2, 3, 5, 166781
List the prime factors of 92070631.
4703, 19577
List the prime factors of 219989226.
2, 3, 36664871
List the prime factors of 48089799.
3, 5343311
List the prime factors of 41033503.
7, 5861929
List the prime factors of 106044900.
2, 3, 5, 13, 27191
What are the prime factors of 471797096?
2, 53, 1112729
What are the prime factors of 325975188?
2, 3, 7, 11, 587, 601
What are the prime factors of 3608238513?
3, 11, 903641
List the prime factors of 115537027.
23, 73, 68813
List the prime factors of 64570214.
2, 229, 140983
What are the prime factors of 2441670736?
2, 1019, 149759
List the prime factors of 1185135038.
2, 1013, 584963
List the prime factors of 34070192.
2, 13, 19, 37, 233
List the prime factors of 198102763.
43, 1223, 3767
List the prime factors of 699026224.
2, 13, 3360703
List the prime factors of 1392599388.
2, 3, 8803, 13183
What are the prime factors of 329229355?
5, 7, 13, 197, 3673
List the prime factors of 6799902.
2, 3, 1133317
What are the prime factors of 75434546?
2, 11, 311713
What are the prime factors of 1463291814?
2, 3, 243881969
What are the prime factors of 45436959?
3, 2017, 2503
What are the prime factors of 1705028491?
7517, 226823
What are the prime factors of 1970523196?
2, 492630799
List the prime factors of 89944745.
5, 11, 148669
What are the prime factors of 82445645?
5, 521, 31649
List the prime factors of 52051177.
421, 123637
What are the prime factors of 36748035?
3, 5, 79, 10337
List the prime factors of 148083417.
3, 47, 61, 1913
What are the prime factors of 25261919?
25261919
What are the prime factors of 2996026638?
2, 3, 11, 45394343
List the prime factors of 2090132966.
2, 17, 3616147
What are the prime factors of 7641002?
2, 19, 233, 863
List the prime factors of 56495079.
3, 227, 27653
List the prime factors of 362779026.
2, 3, 60463171
List the prime factors of 280258562.
2, 140129281
What are the prime factors of 21492352?
2, 7, 17, 83
What are the prime factors of 6687787315?
5, 11, 4673, 26021
What are the prime factors of 16069035?
3, 5, 1071269
What are the prime factors of 5962962370?
2, 5, 596296237
What are the prime factors of 81418188?
2, 3, 6784849
What are the prime factors of 1051328152?
2, 7, 18773717
List the prime factors of 4285306039.
7, 103, 5943559
List the prime factors of 358760847.
3, 119586949
List the prime factors of 277168440.
2, 3, 5, 2309737
What are the prime factors of 111801612?
2, 3, 13, 29, 1901
What are the prime factors of 35886829?
11, 3262439
What are the prime factors of 206918307?
3, 53, 157, 307
What are the prime factors of 1093610538?
2, 3, 2243, 9029
List the prime factors of 18882643.
13, 1452511
What are the prime factors of 100399314?
2, 3, 17, 984307
What are the prime factors of 1645575119?
1645575119
What are the prime factors of 1690522758?
2, 3, 19, 73, 22571
List the prime factors of 958577304.
2, 3, 131, 509, 599
What are the prime factors of 11385368?
2, 23, 43, 1439
List the prime factors of 31920139.
31920139
List the prime factors of 2619539478.
2, 3, 409, 355819
List the prime factors of 6122214999.
3, 43, 15819677
What are the prime factors of 43641083?
727, 60029
What are the prime factors of 350113025?
5, 293, 47797
What are the prime factors of 3207119914?
2, 1603559957
List the prime factors of 102402704.
2, 19, 17729
List the prime factors of 5271184.
2, 73, 4513
What are the prime factors of 138775125?
3, 5, 370067
What are the prime factors of 1652188453?
19, 181, 480427
List the prime factors of 108789153.
3, 11, 3296641
What are the prime factors of 255370375?
5, 13, 29, 5419
What are the prime factors of 111045006?
2, 3, 19, 43, 839
List the prime factors of 1310984924.
2, 193, 1698167
What are the prime factors of 130792486?
2, 11, 457, 13009
What are the prime factors of 101037411?
3, 61, 184039
What are the prime factors of 233810956?
2, 359, 162821
What are the prime factors of 2883245994?
2, 3, 160180333
List the prime factors of 24614172.
2, 3, 11, 20719
What are the prime factors of 6863013646?
2, 97, 35376359
What are the prime factors of 30825528?
2, 3, 167, 7691
List the prime factors of 2231162753.
2231162753
List the prime factors of 69031417.
7, 13, 337, 2251
What are the prime factors of 97102464?
2, 3, 19, 13309
What are the prime factors of 37416156?
2, 3, 3118013
What are the prime factors of 280902776?
2, 7, 11, 59, 131
What are the prime factors of 312297324?
2, 3, 26024777
What are the prime factors of 7037595?
3, 5, 43, 3637
List the prime factors of